{"id":3828,"date":"2021-03-24T16:17:31","date_gmt":"2021-03-24T16:17:31","guid":{"rendered":"https:\/\/www.drijanshpk.com\/?page_id=3828"},"modified":"2021-03-24T16:21:01","modified_gmt":"2021-03-24T16:21:01","slug":"skladistenje","status":"publish","type":"page","link":"https:\/\/drijanshpk.com\/?page_id=3828","title":{"rendered":"Skladi\u0161tenje"},"content":{"rendered":"<div class=\"wpb-content-wrapper\">[vc_row][vc_column][vc_column_text][\/vc_column_text][\/vc_column][\/vc_row][vc_row][vc_column][vc_row_inner equal_height=&#8221;yes&#8221;][vc_column_inner width=&#8221;5\/12&#8243;]<div class=\"cws_spacing cws_spacing_size_sm_desctop-on cws_spacing_tablet-on cws_spacing_mobile-on\"><div class=\"cws_spacing cws_spacing_default\" style=\"height:70px;\"><\/div> <div class=\"cws_spacing cws_spacing_size_sm_desctop\" style=\"height:70px;\"><\/div> <div class=\"cws_spacing cws_spacing_tablet\" style=\"height:70px;\"><\/div> <div class=\"cws_spacing cws_spacing_mobile\" style=\"height:0px;\"><\/div><\/div><div class='cws_textmodule cws_vc_shortcode_module  vc_custom_1616602713435' id='cws_textmodule_69e33a61468b0'><div class='cws_textmodule_wrapper '><div class='cws_textmodule_text text_align_left'><div class='cws_textmodule_titles display_block'><h1 class='cws_textmodule_title'><span>Skladi\u0161tenje<\/span><\/h1><\/div><div class='cws_textmodule_content'><div class='text_content_wrapper'>\n<p>Nudimo vam sigurnu i kvalitetnu uslugu carinskog skladi\u0161tenja i privremenog skladi\u0161tenja, pa\u017eljivo i precizno poma\u017eu\u0107i vam u svim administrativnim i birokratskim postupcima, zahvaljuju\u0107i dugogodi\u0161njem iskustvu na\u0161eg osoblja na polju me\u0111unarodnog transporta, logistike i carinske pomo\u0107i.<br \/>Za va\u0161e carinsko skladi\u0161te brinemo o svemu.<br \/>Tako\u0111er se brinemo o carinskom skladi\u0161tenju za skladi\u0161tenje robe na podru\u010djima (skladi\u0161tima) pod nadzorom Agencije za carinsko posredovanje, tako da va\u0161a kompanija mo\u017ee imati koristi od osloba\u0111anja od carina i drugih poreza do trenutka uvoza robe.<\/p>\n<p>Na\u0161e \u0107e se osoblje tada pobrinuti za sve postupke prijave i dokumentaciju potrebnu za pristup ovoj odre\u0111enoj vrsti porezne suspenzije.<\/p>\n<\/div><\/div><\/div><\/div><\/div><div class=\"cws_spacing\"><div class=\"cws_spacing cws_spacing_default\" style=\"height:50px;\"><\/div><\/div>[\/vc_column_inner][vc_column_inner width=&#8221;7\/12&#8243;][vc_single_image image=&#8221;2122&#8243; img_size=&#8221;full&#8221; alignment=&#8221;center&#8221;][\/vc_column_inner][\/vc_row_inner]<div class=\"cws_spacing\"><div class=\"cws_spacing cws_spacing_default\" style=\"height:100px;\"><\/div><\/div>[\/vc_column][\/vc_row][vc_row][vc_column][vc_column_text]\n[\/vc_column_text][\/vc_column][\/vc_row][vc_row][vc_column][vc_column_text][\/vc_column_text][\/vc_column][\/vc_row][vc_row full_width=&#8221;stretch_row&#8221; css=&#8221;.vc_custom_1548751553435{background-color: #fb4f3e !important;}&#8221;][vc_column]<div class='cws_textmodule cws_vc_shortcode_module' id='cws_textmodule_69e33a6146b0e'><div class='cws_textmodule_wrapper '><div class='cws_textmodule_text text_align_center'><div class='cws_textmodule_titles display_block'><h1 class='cws_textmodule_title'><span>Povezane usluge:<\/span><\/h1><\/div><div class='cws_textmodule_content'><div class='text_content_wrapper'><p>Jam\u010dimo sveobuhvatne logisti\u010dke usluge uklju\u010duju\u0107i:<\/p>\n<\/div><\/div><\/div><\/div><\/div>[\/vc_column][\/vc_row][vc_row][vc_column][vc_column_text][vc_row][vc_column width=&#8221;1\/1&#8243;][vc_column_text]\n[\/vc_column_text][\/vc_column][\/vc_row][vc_row full_width=&#8221;stretch_row_content_no_spaces&#8221;][vc_column]<div id='tabs_gallery_id_69e33a614773a' class='shortcode_tabs_gallery '><div class='container'><div class='tabs_content'><div class='tabs_controls'><div class='tabs_control_item active'><div class='tabs_control_title'>Osiguranje robe<\/div><div class='tabs_control_counter'>01<\/div><\/div><div class='tabs_control_item'><div class='tabs_control_title'>Obradu po\u0161iljki u uvozu i izvozu<\/div><div class='tabs_control_counter'>02<\/div><\/div><div class='tabs_control_item'><div class='tabs_control_title'>Polog za PDV<\/div><div class='tabs_control_counter'>03<\/div><\/div><div class='tabs_control_item'><div class='tabs_control_title'>Internu carinsku slu\u017ebu<\/div><div class='tabs_control_counter'>04<\/div><\/div><div class='tabs_control_item'><div class='tabs_control_title'>Pick &amp; Pack, zajedni\u010dko pakiranje, zamatanje folijom, ozna\u010davanje<\/div><div class='tabs_control_counter'>05<\/div><\/div><div class='tabs_control_item'><div class='tabs_control_title'>Privremenu logistiku skladi\u0161tenja robe<\/div><div class='tabs_control_counter'>06<\/div><\/div><div class='tabs_control_item'><div class='tabs_control_title'>Upravljanje zalihama (FIFO, LIFO, FEFO)<\/div><div class='tabs_control_counter'>07<\/div><\/div><div class='tabs_control_item'><div class='tabs_control_title'>Izvje\u0161tavanje zaliha<\/div><div class='tabs_control_counter'>08<\/div><\/div><div class='tabs_control_item'><div class='tabs_control_title'>Povratak upravljanje<\/div><div class='tabs_control_counter'>09<\/div><\/div><div class='tabs_control_item'><div class='tabs_control_title'>Carinske i akcize usluge<\/div><div class='tabs_control_counter'>10<\/div><\/div><div class='tabs_control_item'><div class='tabs_control_title'>Osiguranje robe<\/div><div class='tabs_control_counter'>11<\/div><\/div><\/div><div class='tabs_text_wrapper'><div class='tab tabs_text'><h3 class='tab_text_title'>Osiguranje robe<\/h3><\/div><div class='tab tabs_text'><h3 class='tab_text_title'>Obradu po\u0161iljki u uvozu i izvozu<\/h3><\/div><div class='tab tabs_text'><h3 class='tab_text_title'>Polog za PDV<\/h3><\/div><div class='tab tabs_text'><h3 class='tab_text_title'>Internu carinsku slu\u017ebu<\/h3><\/div><div class='tab tabs_text'><h3 class='tab_text_title'>Pick &amp; Pack, zajedni\u010dko pakiranje, zamatanje folijom, ozna\u010davanje<\/h3><\/div><div class='tab tabs_text'><h3 class='tab_text_title'>Privremenu logistiku skladi\u0161tenja robe<\/h3><\/div><div class='tab tabs_text'><h3 class='tab_text_title'>Upravljanje zalihama (FIFO, LIFO, FEFO)<\/h3><\/div><div class='tab tabs_text'><h3 class='tab_text_title'>Izvje\u0161tavanje zaliha<\/h3><\/div><div class='tab tabs_text'><h3 class='tab_text_title'>Povratak upravljanje<\/h3><\/div><div class='tab tabs_text'><h3 class='tab_text_title'>Carinske i akcize usluge<\/h3><\/div><div class='tab tabs_text'><h3 class='tab_text_title'>Osiguranje robe<\/h3><\/div><\/div><\/div><\/div><div class='tabs_bg'><div class='tabs_content_placeholder'><\/div><div class='tabs_gallery'><div class='tabs_gallery_item' style='background-image: url(https:\/\/drijanshpk.com\/wp-content\/uploads\/2019\/02\/2-1.jpg);'><\/div><div class='tabs_gallery_item' style='background-image: url(https:\/\/drijanshpk.com\/wp-content\/uploads\/2019\/01\/9_fullhd-1.jpg);'><\/div><div class='tabs_gallery_item' style='background-image: url(https:\/\/drijanshpk.com\/wp-content\/uploads\/2019\/01\/7_2-1.jpg);'><\/div><div class='tabs_gallery_item' style='background-image: url(https:\/\/drijanshpk.com\/wp-content\/uploads\/2019\/01\/11-3.jpg);'><\/div><div class='tabs_gallery_item' style='background-image: url(https:\/\/drijanshpk.com\/wp-content\/uploads\/2019\/01\/11-3.jpg);'><\/div><div class='tabs_gallery_item' style='background-image: url(https:\/\/drijanshpk.com\/wp-content\/uploads\/2019\/01\/11-3.jpg);'><\/div><div class='tabs_gallery_item' style='background-image: url(https:\/\/drijanshpk.com\/wp-content\/uploads\/2019\/01\/11-3.jpg);'><\/div><div class='tabs_gallery_item' style='background-image: url(https:\/\/drijanshpk.com\/wp-content\/uploads\/2019\/01\/11-3.jpg);'><\/div><div class='tabs_gallery_item' style='background-image: url(https:\/\/drijanshpk.com\/wp-content\/uploads\/2019\/01\/11-3.jpg);'><\/div><div class='tabs_gallery_item' style='background-image: url(https:\/\/drijanshpk.com\/wp-content\/uploads\/2019\/01\/11-3.jpg);'><\/div><div class='tabs_gallery_item' style='background-image: url(https:\/\/drijanshpk.com\/wp-content\/uploads\/2019\/01\/11-3.jpg);'><\/div><\/div><\/div><\/div>[\/vc_column][\/vc_row][vc_row][vc_column][vc_column_text][\/vc_column_text][\/vc_column][\/vc_row][vc_row][vc_column]<div class=\"cws_spacing\"><div class=\"cws_spacing cws_spacing_default\" style=\"height:100px;\"><\/div><\/div><div class='cws_textmodule cws_vc_shortcode_module' id='cws_textmodule_69e33a61479e1'><div class='cws_textmodule_wrapper '><div class='cws_textmodule_text text_align_center'><div class='cws_textmodule_titles display_block'><h1 class='cws_textmodule_title'><span>Skladi\u0161tenje i \u010duvanje<\/span><\/h1><\/div><div class='cws_textmodule_content'><div class='text_content_wrapper'><p>Brojne su prednosti pribjegavanja carinskom skladi\u0161tenju. Svakako financijski odgo\u0111ena za pla\u0107anje poreza, roba je stoga odmah dostupna bez optere\u0107uju\u0107eg oporezivanja i odmah spremna za brzu isporuku.<\/p>\n<\/div><\/div><\/div><\/div><\/div><div class=\"cws_spacing\"><div class=\"cws_spacing cws_spacing_default\" style=\"height:100px;\"><\/div><\/div>[\/vc_column][\/vc_row][vc_row][vc_column][vc_column_text]\n[\/vc_column_text][\/vc_column][\/vc_row][vc_row][vc_column][vc_column_text][\/vc_column_text][\/vc_column][\/vc_row][vc_row full_width=&#8221;stretch_row&#8221; bg_cws_color=&#8221;color&#8221; cws_overlay_color=&#8221;rgba(0,0,0,0.75)&#8221; css=&#8221;.vc_custom_1548762979291{background-image: url(http:\/\/www.drijanshpk.com\/wp-content\/uploads\/2019\/01\/8-4-1.jpg?id=2187) !important;}&#8221;][vc_column width=&#8221;1\/4&#8243;][\/vc_column][vc_column width=&#8221;1\/2&#8243;]<div class=\"cws_spacing\"><div class=\"cws_spacing cws_spacing_default\" style=\"height:100px;\"><\/div><\/div>[vc_single_image image=&#8221;62&#8243; img_size=&#8221;small&#8221; alignment=&#8221;center&#8221;]<div class='cws_textmodule cws_vc_shortcode_module' id='cws_textmodule_69e33a6147c5b'><div class='cws_textmodule_wrapper '><div class='cws_textmodule_text text_align_center'><div class='cws_textmodule_titles display_block'><h1 class='cws_textmodule_title'><span>Skladi\u0161ta su opremljena sa:<\/span><\/h1><\/div><div class='cws_textmodule_content'><div class='text_content_wrapper'><ul>\n<li style=\"text-align: center;\">\n<p>Sustavom za skladi\u0161tenje na vi\u0161e razina<\/p>\n<\/li>\n<li style=\"text-align: center;\">\n<p>Suvremenim sustavom unutarnjeg prevoza<\/p>\n<\/li>\n<li style=\"text-align: center;\">\n<p>Kapijom kapaciteta od 50 tona, koja istovremeno mo\u017ee podnijeti dva \u017eeljezni\u010dka kolosijeka pod krovom<\/p>\n<\/li>\n<li style=\"text-align: center;\">\n<p>Video nadzorom sa alarmom, \u00a0nadgledani.<\/p>\n<\/li>\n<\/ul>\n<\/div><\/div><\/div><\/div><\/div><div class=\"cws_spacing\"><div class=\"cws_spacing cws_spacing_default\" style=\"height:100px;\"><\/div><\/div>[\/vc_column][vc_column width=&#8221;1\/4&#8243;][\/vc_column][\/vc_row][vc_row][vc_column][vc_column_text]\n[\/vc_column_text][\/vc_column][\/vc_row]\n<\/div>","protected":false},"excerpt":{"rendered":"<p>[vc_row][vc_column][vc_column_text][\/vc_column_text][\/vc_column][\/vc_row][vc_row][vc_column][vc_column_text][\/vc_column_text][\/vc_column][\/vc_row][vc_row full_width=&#8221;stretch_row_content_no_spaces&#8221;][vc_column][\/vc_column][\/vc_row][vc_row][vc_column][vc_column_text][\/vc_column_text][\/vc_column][\/vc_row][vc_row][vc_column][vc_column_text][\/vc_column_text][\/vc_column][\/vc_row]<\/p>\n","protected":false},"author":2,"featured_media":0,"parent":0,"menu_order":0,"comment_status":"closed","ping_status":"closed","template":"","meta":{"_coblocks_attr":"","_coblocks_dimensions":"","_coblocks_responsive_height":"","_coblocks_accordion_ie_support":"","footnotes":""},"class_list":["post-3828","page","type-page","status-publish","hentry"],"_links":{"self":[{"href":"https:\/\/drijanshpk.com\/index.php?rest_route=\/wp\/v2\/pages\/3828","targetHints":{"allow":["GET"]}}],"collection":[{"href":"https:\/\/drijanshpk.com\/index.php?rest_route=\/wp\/v2\/pages"}],"about":[{"href":"https:\/\/drijanshpk.com\/index.php?rest_route=\/wp\/v2\/types\/page"}],"author":[{"embeddable":true,"href":"https:\/\/drijanshpk.com\/index.php?rest_route=\/wp\/v2\/users\/2"}],"replies":[{"embeddable":true,"href":"https:\/\/drijanshpk.com\/index.php?rest_route=%2Fwp%2Fv2%2Fcomments&post=3828"}],"version-history":[{"count":3,"href":"https:\/\/drijanshpk.com\/index.php?rest_route=\/wp\/v2\/pages\/3828\/revisions"}],"predecessor-version":[{"id":3831,"href":"https:\/\/drijanshpk.com\/index.php?rest_route=\/wp\/v2\/pages\/3828\/revisions\/3831"}],"wp:attachment":[{"href":"https:\/\/drijanshpk.com\/index.php?rest_route=%2Fwp%2Fv2%2Fmedia&parent=3828"}],"curies":[{"name":"wp","href":"https:\/\/api.w.org\/{rel}","templated":true}]}}